{"id":35170,"date":"2017-04-07T09:18:20","date_gmt":"2017-04-07T09:18:20","guid":{"rendered":"https:\/\/www.colt.net\/leadership\/michael-wilens\/"},"modified":"2020-10-12T15:43:17","modified_gmt":"2020-10-12T14:43:17","slug":"michael-wilens","status":"publish","type":"page","link":"https:\/\/legacy.colt.net\/it\/about\/leadership\/michael-wilens\/","title":{"rendered":"Michael Wilens"},"content":{"rendered":"<h1>\n\t<\/h1>\n\t<nav class=\"breadcrumb\"><span><span><a href=\"https:\/\/legacy.colt.net\/it\/\">Home<\/a><\/span><\/span><\/nav>\nMichael Wilens \u00e8 stato nominato nel consiglio di amministrazione il 1\u00b0 gennaio 2012 e ricopre la carica di presidente dal 21 marzo 2018. Michael \u00e8 stato presidente della divisione Asset Management di Fidelity e della divisione Enterprise Technology and Operations di Fidelity. \u00c8 stato in precedenza CEO della divisione legale nordamericana di Thomson Reuters (Westlaw) e CTO di Thomson Reuters. \u00c8 stato anche CEO di Legion, una divisione del Gruppo Lagardere ed \u00e8 stato CEO \/ co-fondatore di diverse start-up di software e societ\u00e0 di informazioni.\n\t\t\t\t<img loading=\"lazy\" decoding=\"async\" src=\"https:\/\/legacy.colt.net\/wp-content\/uploads\/2019\/02\/Michael-Wilens-450x600.jpg\" alt=\"Michael-Wilens-450x600\" itemprop=\"image\" height=\"600\" width=\"450\" title=\"Michael-Wilens-450x600\" onerror=\"this.style.display='none'\"  \/>\n<h3>\n\t\tMichael Wilens\n\t<\/h3>\n<h4>\n\t\tChairman\n\t<\/h4>\n","protected":false},"excerpt":{"rendered":"<p>Michael Wilens was appointed to the Board on 1 January 2012 and as Chairman on 21 March 2018. Michael has served as President of both Fidelity\u2019s Asset Management division and Fidelity\u2019s Enterprise Technology and Operations division<\/p>\n","protected":false},"author":2,"featured_media":32278,"parent":34292,"menu_order":0,"comment_status":"closed","ping_status":"closed","template":"","meta":{"_acf_changed":false,"footnotes":""},"colt_type":[],"colt_products":[],"class_list":["post-35170","page","type-page","status-publish","has-post-thumbnail","hentry"],"acf":[],"yoast_head":"<!-- This site is optimized with the Yoast SEO plugin v26.8 - https:\/\/yoast.com\/product\/yoast-seo-wordpress\/ -->\n<title>Michael Wilens - Colt Technology Services<\/title>\n<meta name=\"description\" content=\"Michael Wilens \u00e8 stato nominato nel consiglio di amministrazione il 1\u00b0 gennaio 2012 e ricopre la carica di presidente dal 21 marzo 2018.\" \/>\n<meta name=\"robots\" content=\"noindex, follow, max-snippet:-1, max-image-preview:large, max-video-preview:-1\" \/>\n<meta property=\"og:locale\" content=\"it_IT\" \/>\n<meta property=\"og:type\" content=\"article\" \/>\n<meta property=\"og:title\" content=\"Michael Wilens - Colt Technology Services\" \/>\n<meta property=\"og:description\" content=\"Michael Wilens \u00e8 stato nominato nel consiglio di amministrazione il 1\u00b0 gennaio 2012 e ricopre la carica di presidente dal 21 marzo 2018.\" \/>\n<meta property=\"og:url\" content=\"https:\/\/legacy.colt.net\/it\/about\/leadership\/michael-wilens\/\" \/>\n<meta property=\"og:site_name\" content=\"Colt Technology Services\" \/>\n<meta property=\"article:publisher\" content=\"https:\/\/www.facebook.com\/ColtTechnologyServices\/\" \/>\n<meta property=\"article:modified_time\" content=\"2020-10-12T14:43:17+00:00\" \/>\n<meta property=\"og:image\" content=\"https:\/\/legacy.colt.net\/wp-content\/uploads\/2019\/02\/Michael-Wilens-450x600.jpg\" \/>\n\t<meta property=\"og:image:width\" content=\"450\" \/>\n\t<meta property=\"og:image:height\" content=\"600\" \/>\n\t<meta property=\"og:image:type\" content=\"image\/jpeg\" \/>\n<meta name=\"twitter:card\" content=\"summary_large_image\" \/>\n<meta name=\"twitter:image\" content=\"https:\/\/legacy.colt.net\/wp-content\/uploads\/2019\/02\/Michael-Wilens-450x600.jpg\" \/>\n<meta name=\"twitter:site\" content=\"@colt_technology\" \/>\n<script type=\"application\/ld+json\" class=\"yoast-schema-graph\">{\"@context\":\"https:\/\/schema.org\",\"@graph\":[{\"@type\":\"WebPage\",\"@id\":\"https:\/\/legacy.colt.net\/it\/about\/leadership\/michael-wilens\/\",\"url\":\"https:\/\/legacy.colt.net\/it\/about\/leadership\/michael-wilens\/\",\"name\":\"Michael Wilens - Colt Technology Services\",\"isPartOf\":{\"@id\":\"https:\/\/legacy.colt.net\/#website\"},\"primaryImageOfPage\":{\"@id\":\"https:\/\/legacy.colt.net\/it\/about\/leadership\/michael-wilens\/#primaryimage\"},\"image\":{\"@id\":\"https:\/\/legacy.colt.net\/it\/about\/leadership\/michael-wilens\/#primaryimage\"},\"thumbnailUrl\":\"https:\/\/legacy.colt.net\/wp-content\/uploads\/2019\/02\/Michael-Wilens-450x600.jpg\",\"datePublished\":\"2017-04-07T09:18:20+00:00\",\"dateModified\":\"2020-10-12T14:43:17+00:00\",\"description\":\"Michael Wilens \u00e8 stato nominato nel consiglio di amministrazione il 1\u00b0 gennaio 2012 e ricopre la carica di presidente dal 21 marzo 2018.\",\"breadcrumb\":{\"@id\":\"https:\/\/legacy.colt.net\/it\/about\/leadership\/michael-wilens\/#breadcrumb\"},\"inLanguage\":\"it-IT\",\"potentialAction\":[{\"@type\":\"ReadAction\",\"target\":[\"https:\/\/legacy.colt.net\/it\/about\/leadership\/michael-wilens\/\"]}]},{\"@type\":\"ImageObject\",\"inLanguage\":\"it-IT\",\"@id\":\"https:\/\/legacy.colt.net\/it\/about\/leadership\/michael-wilens\/#primaryimage\",\"url\":\"https:\/\/legacy.colt.net\/wp-content\/uploads\/2019\/02\/Michael-Wilens-450x600.jpg\",\"contentUrl\":\"https:\/\/legacy.colt.net\/wp-content\/uploads\/2019\/02\/Michael-Wilens-450x600.jpg\",\"width\":450,\"height\":600},{\"@type\":\"BreadcrumbList\",\"@id\":\"https:\/\/legacy.colt.net\/it\/about\/leadership\/michael-wilens\/#breadcrumb\",\"itemListElement\":[{\"@type\":\"ListItem\",\"position\":1,\"name\":\"Home\",\"item\":\"https:\/\/legacy.colt.net\/it\/\"},{\"@type\":\"ListItem\",\"position\":2,\"name\":\"Su Colt\",\"item\":\"https:\/\/legacy.colt.net\/it\/about\/\"},{\"@type\":\"ListItem\",\"position\":3,\"name\":\"Direzione\",\"item\":\"https:\/\/legacy.colt.net\/it\/about\/leadership\/\"},{\"@type\":\"ListItem\",\"position\":4,\"name\":\"Michael Wilens\"}]},{\"@type\":\"WebSite\",\"@id\":\"https:\/\/legacy.colt.net\/#website\",\"url\":\"https:\/\/legacy.colt.net\/\",\"name\":\"Colt\u30c6\u30af\u30ce\u30ed\u30b8\u30fc\u30b5\u30fc\u30d3\u30b9\u682a\u5f0f\u4f1a\u793e\",\"description\":\"Managed Network &amp; Voice Services Provider\",\"publisher\":{\"@id\":\"https:\/\/legacy.colt.net\/#organization\"},\"potentialAction\":[{\"@type\":\"SearchAction\",\"target\":{\"@type\":\"EntryPoint\",\"urlTemplate\":\"https:\/\/legacy.colt.net\/?s={search_term_string}\"},\"query-input\":{\"@type\":\"PropertyValueSpecification\",\"valueRequired\":true,\"valueName\":\"search_term_string\"}}],\"inLanguage\":\"it-IT\"},{\"@type\":\"Organization\",\"@id\":\"https:\/\/legacy.colt.net\/#organization\",\"name\":\"Colt Technology Services\",\"url\":\"https:\/\/legacy.colt.net\/\",\"logo\":{\"@type\":\"ImageObject\",\"inLanguage\":\"it-IT\",\"@id\":\"https:\/\/legacy.colt.net\/#\/schema\/logo\/image\/\",\"url\":\"https:\/\/legacy.colt.net\/wp-content\/uploads\/2019\/02\/Colt-Logo.png\",\"contentUrl\":\"https:\/\/legacy.colt.net\/wp-content\/uploads\/2019\/02\/Colt-Logo.png\",\"width\":195,\"height\":77,\"caption\":\"Colt Technology Services\"},\"image\":{\"@id\":\"https:\/\/legacy.colt.net\/#\/schema\/logo\/image\/\"},\"sameAs\":[\"https:\/\/www.facebook.com\/ColtTechnologyServices\/\",\"https:\/\/x.com\/colt_technology\",\"https:\/\/www.instagram.com\/colttechnologyservices\/\",\"https:\/\/www.linkedin.com\/company\/colt-technology-services\",\"https:\/\/www.youtube.com\/user\/ColtTechnology\"]}]}<\/script>\n<!-- \/ Yoast SEO plugin. -->","yoast_head_json":{"title":"Michael Wilens - Colt Technology Services","description":"Michael Wilens \u00e8 stato nominato nel consiglio di amministrazione il 1\u00b0 gennaio 2012 e ricopre la carica di presidente dal 21 marzo 2018.","robots":{"index":"noindex","follow":"follow","max-snippet":"max-snippet:-1","max-image-preview":"max-image-preview:large","max-video-preview":"max-video-preview:-1"},"og_locale":"it_IT","og_type":"article","og_title":"Michael Wilens - Colt Technology Services","og_description":"Michael Wilens \u00e8 stato nominato nel consiglio di amministrazione il 1\u00b0 gennaio 2012 e ricopre la carica di presidente dal 21 marzo 2018.","og_url":"https:\/\/legacy.colt.net\/it\/about\/leadership\/michael-wilens\/","og_site_name":"Colt Technology Services","article_publisher":"https:\/\/www.facebook.com\/ColtTechnologyServices\/","article_modified_time":"2020-10-12T14:43:17+00:00","og_image":[{"width":450,"height":600,"url":"https:\/\/legacy.colt.net\/wp-content\/uploads\/2019\/02\/Michael-Wilens-450x600.jpg","type":"image\/jpeg"}],"twitter_card":"summary_large_image","twitter_image":"https:\/\/legacy.colt.net\/wp-content\/uploads\/2019\/02\/Michael-Wilens-450x600.jpg","twitter_site":"@colt_technology","schema":{"@context":"https:\/\/schema.org","@graph":[{"@type":"WebPage","@id":"https:\/\/legacy.colt.net\/it\/about\/leadership\/michael-wilens\/","url":"https:\/\/legacy.colt.net\/it\/about\/leadership\/michael-wilens\/","name":"Michael Wilens - Colt Technology Services","isPartOf":{"@id":"https:\/\/legacy.colt.net\/#website"},"primaryImageOfPage":{"@id":"https:\/\/legacy.colt.net\/it\/about\/leadership\/michael-wilens\/#primaryimage"},"image":{"@id":"https:\/\/legacy.colt.net\/it\/about\/leadership\/michael-wilens\/#primaryimage"},"thumbnailUrl":"https:\/\/legacy.colt.net\/wp-content\/uploads\/2019\/02\/Michael-Wilens-450x600.jpg","datePublished":"2017-04-07T09:18:20+00:00","dateModified":"2020-10-12T14:43:17+00:00","description":"Michael Wilens \u00e8 stato nominato nel consiglio di amministrazione il 1\u00b0 gennaio 2012 e ricopre la carica di presidente dal 21 marzo 2018.","breadcrumb":{"@id":"https:\/\/legacy.colt.net\/it\/about\/leadership\/michael-wilens\/#breadcrumb"},"inLanguage":"it-IT","potentialAction":[{"@type":"ReadAction","target":["https:\/\/legacy.colt.net\/it\/about\/leadership\/michael-wilens\/"]}]},{"@type":"ImageObject","inLanguage":"it-IT","@id":"https:\/\/legacy.colt.net\/it\/about\/leadership\/michael-wilens\/#primaryimage","url":"https:\/\/legacy.colt.net\/wp-content\/uploads\/2019\/02\/Michael-Wilens-450x600.jpg","contentUrl":"https:\/\/legacy.colt.net\/wp-content\/uploads\/2019\/02\/Michael-Wilens-450x600.jpg","width":450,"height":600},{"@type":"BreadcrumbList","@id":"https:\/\/legacy.colt.net\/it\/about\/leadership\/michael-wilens\/#breadcrumb","itemListElement":[{"@type":"ListItem","position":1,"name":"Home","item":"https:\/\/legacy.colt.net\/it\/"},{"@type":"ListItem","position":2,"name":"Su Colt","item":"https:\/\/legacy.colt.net\/it\/about\/"},{"@type":"ListItem","position":3,"name":"Direzione","item":"https:\/\/legacy.colt.net\/it\/about\/leadership\/"},{"@type":"ListItem","position":4,"name":"Michael Wilens"}]},{"@type":"WebSite","@id":"https:\/\/legacy.colt.net\/#website","url":"https:\/\/legacy.colt.net\/","name":"Colt\u30c6\u30af\u30ce\u30ed\u30b8\u30fc\u30b5\u30fc\u30d3\u30b9\u682a\u5f0f\u4f1a\u793e","description":"Managed Network &amp; Voice Services Provider","publisher":{"@id":"https:\/\/legacy.colt.net\/#organization"},"potentialAction":[{"@type":"SearchAction","target":{"@type":"EntryPoint","urlTemplate":"https:\/\/legacy.colt.net\/?s={search_term_string}"},"query-input":{"@type":"PropertyValueSpecification","valueRequired":true,"valueName":"search_term_string"}}],"inLanguage":"it-IT"},{"@type":"Organization","@id":"https:\/\/legacy.colt.net\/#organization","name":"Colt Technology Services","url":"https:\/\/legacy.colt.net\/","logo":{"@type":"ImageObject","inLanguage":"it-IT","@id":"https:\/\/legacy.colt.net\/#\/schema\/logo\/image\/","url":"https:\/\/legacy.colt.net\/wp-content\/uploads\/2019\/02\/Colt-Logo.png","contentUrl":"https:\/\/legacy.colt.net\/wp-content\/uploads\/2019\/02\/Colt-Logo.png","width":195,"height":77,"caption":"Colt Technology Services"},"image":{"@id":"https:\/\/legacy.colt.net\/#\/schema\/logo\/image\/"},"sameAs":["https:\/\/www.facebook.com\/ColtTechnologyServices\/","https:\/\/x.com\/colt_technology","https:\/\/www.instagram.com\/colttechnologyservices\/","https:\/\/www.linkedin.com\/company\/colt-technology-services","https:\/\/www.youtube.com\/user\/ColtTechnology"]}]}},"_links":{"self":[{"href":"https:\/\/legacy.colt.net\/it\/wp-json\/wp\/v2\/pages\/35170","targetHints":{"allow":["GET"]}}],"collection":[{"href":"https:\/\/legacy.colt.net\/it\/wp-json\/wp\/v2\/pages"}],"about":[{"href":"https:\/\/legacy.colt.net\/it\/wp-json\/wp\/v2\/types\/page"}],"author":[{"embeddable":true,"href":"https:\/\/legacy.colt.net\/it\/wp-json\/wp\/v2\/users\/2"}],"replies":[{"embeddable":true,"href":"https:\/\/legacy.colt.net\/it\/wp-json\/wp\/v2\/comments?post=35170"}],"version-history":[{"count":0,"href":"https:\/\/legacy.colt.net\/it\/wp-json\/wp\/v2\/pages\/35170\/revisions"}],"up":[{"embeddable":true,"href":"https:\/\/legacy.colt.net\/it\/wp-json\/wp\/v2\/pages\/34292"}],"wp:featuredmedia":[{"embeddable":true,"href":"https:\/\/legacy.colt.net\/it\/wp-json\/wp\/v2\/media\/32278"}],"wp:attachment":[{"href":"https:\/\/legacy.colt.net\/it\/wp-json\/wp\/v2\/media?parent=35170"}],"wp:term":[{"taxonomy":"colt_type","embeddable":true,"href":"https:\/\/legacy.colt.net\/it\/wp-json\/wp\/v2\/colt_type?post=35170"},{"taxonomy":"colt_products","embeddable":true,"href":"https:\/\/legacy.colt.net\/it\/wp-json\/wp\/v2\/colt_products?post=35170"}],"curies":[{"name":"wp","href":"https:\/\/api.w.org\/{rel}","templated":true}]}}

<h1>
	</h1>
	<nav class="breadcrumb"><span><span><a href="https://legacy.colt.net/it/">Home</a></span></span></nav>
Michael Wilens è stato nominato nel consiglio di amministrazione il 1° gennaio 2012 e ricopre la carica di presidente dal 21 marzo 2018. Michael è stato presidente della divisione Asset Management di Fidelity e della divisione Enterprise Technology and Operations di Fidelity. È stato in precedenza CEO della divisione legale nordamericana di Thomson Reuters (Westlaw) e CTO di Thomson Reuters. È stato anche CEO di Legion, una divisione del Gruppo Lagardere ed è stato CEO / co-fondatore di diverse start-up di software e società di informazioni.
				<img loading="lazy" decoding="async" src="https://legacy.colt.net/wp-content/uploads/2019/02/Michael-Wilens-450x600.jpg" alt="Michael-Wilens-450x600" itemprop="image" height="600" width="450" title="Michael-Wilens-450x600" onerror="this.style.display='none'"  />
<h3>
		Michael Wilens
	</h3>
<h4>
		Chairman
	</h4>

<!-- This site is optimized with the Yoast SEO plugin v26.8 - https://yoast.com/product/yoast-seo-wordpress/ -->
<title>Michael Wilens - Colt Technology Services</title>
<meta name="description" content="Michael Wilens è stato nominato nel consiglio di amministrazione il 1° gennaio 2012 e ricopre la carica di presidente dal 21 marzo 2018." />
<meta name="robots" content="noindex, follow, max-snippet:-1, max-image-preview:large, max-video-preview:-1" />
<meta property="og:locale" content="it_IT" />
<meta property="og:type" content="article" />
<meta property="og:title" content="Michael Wilens - Colt Technology Services" />
<meta property="og:description" content="Michael Wilens è stato nominato nel consiglio di amministrazione il 1° gennaio 2012 e ricopre la carica di presidente dal 21 marzo 2018." />
<meta property="og:url" content="https://legacy.colt.net/it/about/leadership/michael-wilens/" />
<meta property="og:site_name" content="Colt Technology Services" />
<meta property="article:publisher" content="https://www.facebook.com/ColtTechnologyServices/" />
<meta property="article:modified_time" content="2020-10-12T14:43:17+00:00" />
<meta property="og:image" content="https://legacy.colt.net/wp-content/uploads/2019/02/Michael-Wilens-450x600.jpg" />
	<meta property="og:image:width" content="450" />
	<meta property="og:image:height" content="600" />
	<meta property="og:image:type" content="image/jpeg" />
<meta name="twitter:card" content="summary_large_image" />
<meta name="twitter:image" content="https://legacy.colt.net/wp-content/uploads/2019/02/Michael-Wilens-450x600.jpg" />
<meta name="twitter:site" content="@colt_technology" />
<script type="application/ld+json" class="yoast-schema-graph">{"@context":"https://schema.org","@graph":[{"@type":"WebPage","@id":"https://legacy.colt.net/it/about/leadership/michael-wilens/","url":"https://legacy.colt.net/it/about/leadership/michael-wilens/","name":"Michael Wilens - Colt Technology Services","isPartOf":{"@id":"https://legacy.colt.net/#website"},"primaryImageOfPage":{"@id":"https://legacy.colt.net/it/about/leadership/michael-wilens/#primaryimage"},"image":{"@id":"https://legacy.colt.net/it/about/leadership/michael-wilens/#primaryimage"},"thumbnailUrl":"https://legacy.colt.net/wp-content/uploads/2019/02/Michael-Wilens-450x600.jpg","datePublished":"2017-04-07T09:18:20+00:00","dateModified":"2020-10-12T14:43:17+00:00","description":"Michael Wilens è stato nominato nel consiglio di amministrazione il 1° gennaio 2012 e ricopre la carica di presidente dal 21 marzo 2018.","breadcrumb":{"@id":"https://legacy.colt.net/it/about/leadership/michael-wilens/#breadcrumb"},"inLanguage":"it-IT","potentialAction":[{"@type":"ReadAction","target":["https://legacy.colt.net/it/about/leadership/michael-wilens/"]}]},{"@type":"ImageObject","inLanguage":"it-IT","@id":"https://legacy.colt.net/it/about/leadership/michael-wilens/#primaryimage","url":"https://legacy.colt.net/wp-content/uploads/2019/02/Michael-Wilens-450x600.jpg","contentUrl":"https://legacy.colt.net/wp-content/uploads/2019/02/Michael-Wilens-450x600.jpg","width":450,"height":600},{"@type":"BreadcrumbList","@id":"https://legacy.colt.net/it/about/leadership/michael-wilens/#breadcrumb","itemListElement":[{"@type":"ListItem","position":1,"name":"Home","item":"https://legacy.colt.net/it/"},{"@type":"ListItem","position":2,"name":"Su Colt","item":"https://legacy.colt.net/it/about/"},{"@type":"ListItem","position":3,"name":"Direzione","item":"https://legacy.colt.net/it/about/leadership/"},{"@type":"ListItem","position":4,"name":"Michael Wilens"}]},{"@type":"WebSite","@id":"https://legacy.colt.net/#website","url":"https://legacy.colt.net/","name":"Coltテクノロジーサービス株式会社","description":"Managed Network &amp; Voice Services Provider","publisher":{"@id":"https://legacy.colt.net/#organization"},"potentialAction":[{"@type":"SearchAction","target":{"@type":"EntryPoint","urlTemplate":"https://legacy.colt.net/?s={search_term_string}"},"query-input":{"@type":"PropertyValueSpecification","valueRequired":true,"valueName":"search_term_string"}}],"inLanguage":"it-IT"},{"@type":"Organization","@id":"https://legacy.colt.net/#organization","name":"Colt Technology Services","url":"https://legacy.colt.net/","logo":{"@type":"ImageObject","inLanguage":"it-IT","@id":"https://legacy.colt.net/#/schema/logo/image/","url":"https://legacy.colt.net/wp-content/uploads/2019/02/Colt-Logo.png","contentUrl":"https://legacy.colt.net/wp-content/uploads/2019/02/Colt-Logo.png","width":195,"height":77,"caption":"Colt Technology Services"},"image":{"@id":"https://legacy.colt.net/#/schema/logo/image/"},"sameAs":["https://www.facebook.com/ColtTechnologyServices/","https://x.com/colt_technology","https://www.instagram.com/colttechnologyservices/","https://www.linkedin.com/company/colt-technology-services","https://www.youtube.com/user/ColtTechnology"]}]}</script>
<!-- / Yoast SEO plugin. -->

Michael Wilens è stato nominato nel consiglio di amministrazione il 1° gennaio 2012 e ricopre la carica di presidente dal 21 marzo 2018.

Coltテクノロジーサービス株式会社
