{"id":34917,"date":"2017-04-07T09:11:05","date_gmt":"2017-04-07T09:11:05","guid":{"rendered":"https:\/\/www.colt.net\/leadership\/hugo-eales\/"},"modified":"2020-10-19T13:03:09","modified_gmt":"2020-10-19T12:03:09","slug":"gary-carr","status":"publish","type":"page","link":"https:\/\/legacy.colt.net\/es\/about\/leadership\/gary-carr\/","title":{"rendered":"Gary Carr"},"content":{"rendered":"<h1>\n\t<\/h1>\n\t<nav class=\"breadcrumb\"><span><span><a href=\"https:\/\/legacy.colt.net\/es\/\">Home<\/a><\/span><\/span><\/nav>\n\t<p>Gary Carr fue nombrado Director Financiero Interino (CFO) de Colt en julio de 2019.<\/p>\n<p>Anteriormente el controlador financiero del Grupo Colt y subdirector financiero, Gary trae consigo a su elevado cargo m\u00e1s de 23 a\u00f1os de experiencia de liderazgo en los sectores de telecomunicaciones, Ti y servicios financieros.<\/p>\n<p>Durante su trayectoria en Colt, Gary ha sido responsable de varias operaciones financieras, incluyendo: presupuestos, planificaci\u00f3n e informes, gastos de capital, impuestos y tesorer\u00eda, bienes ra\u00edces, instalaciones y ha liderado el Centro de Servicios Financieros compartidos en India.<\/p>\n<p>En su nuevo puesto, se har\u00e1 cargo del per\u00edodo de transformaci\u00f3n financiera para Colt, asegurando que todas las funciones en toda la organizaci\u00f3n trabajen juntas para el beneficio general del negocio.<\/p>\n<p>Antes de unirse a Colt, Gary ocup\u00f3 varios cargos en BT Global Services, siendo el m\u00e1s joven Vicepresidente de Control Financiero. Tambi\u00e9n ocup\u00f3 varios roles de liderazgo en Siemens, su \u00faltimo cargo fue el de Director de Finanzas y Director Gerente Interino.<\/p>\n<p>Gary trabaja desde la sede de Colt en Londres, Colt House.<\/p>\n\t\t\t\t<img loading=\"lazy\" decoding=\"async\" src=\"https:\/\/legacy.colt.net\/wp-content\/uploads\/2019\/11\/Photo-of-Gary_Carr.jpg\" alt=\"Photo of Gary_Carr\" itemprop=\"image\" height=\"800\" width=\"800\" title=\"Photo of Gary_Carr\" onerror=\"this.style.display='none'\"  \/>\n<h3>\n\t\tGary Carr\n\t<\/h3>\n<h4>\n\t\tDirectores Financiero\n\t<\/h4>\n","protected":false},"excerpt":{"rendered":"<p>Hugo Eales was appointed Chief Financial Officer in November 2014, and is responsible for driving Colt\u2019s financial and commercial agenda forward across the Group.<\/p>\n","protected":false},"author":2,"featured_media":61116,"parent":34472,"menu_order":0,"comment_status":"closed","ping_status":"closed","template":"","meta":{"_acf_changed":false,"footnotes":""},"colt_type":[],"colt_products":[],"class_list":["post-34917","page","type-page","status-publish","has-post-thumbnail","hentry"],"acf":[],"yoast_head":"<!-- This site is optimized with the Yoast SEO plugin v26.8 - https:\/\/yoast.com\/product\/yoast-seo-wordpress\/ -->\n<title>Gary Carr - Colt Technology Services<\/title>\n<meta name=\"description\" content=\"Gary Carr fue nombrado Director Financiero Interino (CFO) de Colt en julio de 2019.Anteriormente el controlador financiero del Grupo Colt y subdirector\" \/>\n<meta name=\"robots\" content=\"noindex, follow, max-snippet:-1, max-image-preview:large, max-video-preview:-1\" \/>\n<meta property=\"og:locale\" content=\"es_ES\" \/>\n<meta property=\"og:type\" content=\"article\" \/>\n<meta property=\"og:title\" content=\"Gary Carr - Colt Technology Services\" \/>\n<meta property=\"og:description\" content=\"Gary Carr fue nombrado Director Financiero Interino (CFO) de Colt en julio de 2019.Anteriormente el controlador financiero del Grupo Colt y subdirector\" \/>\n<meta property=\"og:url\" content=\"https:\/\/legacy.colt.net\/es\/about\/leadership\/gary-carr\/\" \/>\n<meta property=\"og:site_name\" content=\"Colt Technology Services\" \/>\n<meta property=\"article:publisher\" content=\"https:\/\/www.facebook.com\/ColtTechnologyServices\/\" \/>\n<meta property=\"article:modified_time\" content=\"2020-10-19T12:03:09+00:00\" \/>\n<meta property=\"og:image\" content=\"https:\/\/legacy.colt.net\/wp-content\/uploads\/2019\/08\/Gary-Carr.png\" \/>\n\t<meta property=\"og:image:width\" content=\"1\" \/>\n\t<meta property=\"og:image:height\" content=\"1\" \/>\n\t<meta property=\"og:image:type\" content=\"image\/png\" \/>\n<meta name=\"twitter:card\" content=\"summary_large_image\" \/>\n<meta name=\"twitter:image\" content=\"https:\/\/legacy.colt.net\/wp-content\/uploads\/2019\/08\/Gary-Carr.png\" \/>\n<meta name=\"twitter:site\" content=\"@colt_technology\" \/>\n<meta name=\"twitter:label1\" content=\"Est. reading time\" \/>\n\t<meta name=\"twitter:data1\" content=\"1 minute\" \/>\n<script type=\"application\/ld+json\" class=\"yoast-schema-graph\">{\"@context\":\"https:\/\/schema.org\",\"@graph\":[{\"@type\":\"WebPage\",\"@id\":\"https:\/\/legacy.colt.net\/es\/about\/leadership\/gary-carr\/\",\"url\":\"https:\/\/legacy.colt.net\/es\/about\/leadership\/gary-carr\/\",\"name\":\"Gary Carr - Colt Technology Services\",\"isPartOf\":{\"@id\":\"https:\/\/legacy.colt.net\/#website\"},\"primaryImageOfPage\":{\"@id\":\"https:\/\/legacy.colt.net\/es\/about\/leadership\/gary-carr\/#primaryimage\"},\"image\":{\"@id\":\"https:\/\/legacy.colt.net\/es\/about\/leadership\/gary-carr\/#primaryimage\"},\"thumbnailUrl\":\"https:\/\/legacy.colt.net\/wp-content\/uploads\/2019\/08\/Gary-Carr.png\",\"datePublished\":\"2017-04-07T09:11:05+00:00\",\"dateModified\":\"2020-10-19T12:03:09+00:00\",\"description\":\"Gary Carr fue nombrado Director Financiero Interino (CFO) de Colt en julio de 2019.Anteriormente el controlador financiero del Grupo Colt y subdirector\",\"breadcrumb\":{\"@id\":\"https:\/\/legacy.colt.net\/es\/about\/leadership\/gary-carr\/#breadcrumb\"},\"inLanguage\":\"es-ES\",\"potentialAction\":[{\"@type\":\"ReadAction\",\"target\":[\"https:\/\/legacy.colt.net\/es\/about\/leadership\/gary-carr\/\"]}]},{\"@type\":\"ImageObject\",\"inLanguage\":\"es-ES\",\"@id\":\"https:\/\/legacy.colt.net\/es\/about\/leadership\/gary-carr\/#primaryimage\",\"url\":\"https:\/\/legacy.colt.net\/wp-content\/uploads\/2019\/08\/Gary-Carr.png\",\"contentUrl\":\"https:\/\/legacy.colt.net\/wp-content\/uploads\/2019\/08\/Gary-Carr.png\"},{\"@type\":\"BreadcrumbList\",\"@id\":\"https:\/\/legacy.colt.net\/es\/about\/leadership\/gary-carr\/#breadcrumb\",\"itemListElement\":[{\"@type\":\"ListItem\",\"position\":1,\"name\":\"Home\",\"item\":\"https:\/\/legacy.colt.net\/es\/\"},{\"@type\":\"ListItem\",\"position\":2,\"name\":\"Acerca de Colt\",\"item\":\"https:\/\/legacy.colt.net\/es\/about\/\"},{\"@type\":\"ListItem\",\"position\":3,\"name\":\"Liderazgo\",\"item\":\"https:\/\/legacy.colt.net\/es\/about\/leadership\/\"},{\"@type\":\"ListItem\",\"position\":4,\"name\":\"Gary Carr\"}]},{\"@type\":\"WebSite\",\"@id\":\"https:\/\/legacy.colt.net\/#website\",\"url\":\"https:\/\/legacy.colt.net\/\",\"name\":\"Colt\u30c6\u30af\u30ce\u30ed\u30b8\u30fc\u30b5\u30fc\u30d3\u30b9\u682a\u5f0f\u4f1a\u793e\",\"description\":\"Managed Network &amp; Voice Services Provider\",\"publisher\":{\"@id\":\"https:\/\/legacy.colt.net\/#organization\"},\"potentialAction\":[{\"@type\":\"SearchAction\",\"target\":{\"@type\":\"EntryPoint\",\"urlTemplate\":\"https:\/\/legacy.colt.net\/?s={search_term_string}\"},\"query-input\":{\"@type\":\"PropertyValueSpecification\",\"valueRequired\":true,\"valueName\":\"search_term_string\"}}],\"inLanguage\":\"es-ES\"},{\"@type\":\"Organization\",\"@id\":\"https:\/\/legacy.colt.net\/#organization\",\"name\":\"Colt Technology Services\",\"url\":\"https:\/\/legacy.colt.net\/\",\"logo\":{\"@type\":\"ImageObject\",\"inLanguage\":\"es-ES\",\"@id\":\"https:\/\/legacy.colt.net\/#\/schema\/logo\/image\/\",\"url\":\"https:\/\/legacy.colt.net\/wp-content\/uploads\/2019\/02\/Colt-Logo.png\",\"contentUrl\":\"https:\/\/legacy.colt.net\/wp-content\/uploads\/2019\/02\/Colt-Logo.png\",\"width\":195,\"height\":77,\"caption\":\"Colt Technology Services\"},\"image\":{\"@id\":\"https:\/\/legacy.colt.net\/#\/schema\/logo\/image\/\"},\"sameAs\":[\"https:\/\/www.facebook.com\/ColtTechnologyServices\/\",\"https:\/\/x.com\/colt_technology\",\"https:\/\/www.instagram.com\/colttechnologyservices\/\",\"https:\/\/www.linkedin.com\/company\/colt-technology-services\",\"https:\/\/www.youtube.com\/user\/ColtTechnology\"]}]}<\/script>\n<!-- \/ Yoast SEO plugin. -->","yoast_head_json":{"title":"Gary Carr - Colt Technology Services","description":"Gary Carr fue nombrado Director Financiero Interino (CFO) de Colt en julio de 2019.Anteriormente el controlador financiero del Grupo Colt y subdirector","robots":{"index":"noindex","follow":"follow","max-snippet":"max-snippet:-1","max-image-preview":"max-image-preview:large","max-video-preview":"max-video-preview:-1"},"og_locale":"es_ES","og_type":"article","og_title":"Gary Carr - Colt Technology Services","og_description":"Gary Carr fue nombrado Director Financiero Interino (CFO) de Colt en julio de 2019.Anteriormente el controlador financiero del Grupo Colt y subdirector","og_url":"https:\/\/legacy.colt.net\/es\/about\/leadership\/gary-carr\/","og_site_name":"Colt Technology Services","article_publisher":"https:\/\/www.facebook.com\/ColtTechnologyServices\/","article_modified_time":"2020-10-19T12:03:09+00:00","og_image":[{"url":"https:\/\/legacy.colt.net\/wp-content\/uploads\/2019\/08\/Gary-Carr.png","width":1,"height":1,"type":"image\/png"}],"twitter_card":"summary_large_image","twitter_image":"https:\/\/legacy.colt.net\/wp-content\/uploads\/2019\/08\/Gary-Carr.png","twitter_site":"@colt_technology","twitter_misc":{"Est. reading time":"1 minute"},"schema":{"@context":"https:\/\/schema.org","@graph":[{"@type":"WebPage","@id":"https:\/\/legacy.colt.net\/es\/about\/leadership\/gary-carr\/","url":"https:\/\/legacy.colt.net\/es\/about\/leadership\/gary-carr\/","name":"Gary Carr - Colt Technology Services","isPartOf":{"@id":"https:\/\/legacy.colt.net\/#website"},"primaryImageOfPage":{"@id":"https:\/\/legacy.colt.net\/es\/about\/leadership\/gary-carr\/#primaryimage"},"image":{"@id":"https:\/\/legacy.colt.net\/es\/about\/leadership\/gary-carr\/#primaryimage"},"thumbnailUrl":"https:\/\/legacy.colt.net\/wp-content\/uploads\/2019\/08\/Gary-Carr.png","datePublished":"2017-04-07T09:11:05+00:00","dateModified":"2020-10-19T12:03:09+00:00","description":"Gary Carr fue nombrado Director Financiero Interino (CFO) de Colt en julio de 2019.Anteriormente el controlador financiero del Grupo Colt y subdirector","breadcrumb":{"@id":"https:\/\/legacy.colt.net\/es\/about\/leadership\/gary-carr\/#breadcrumb"},"inLanguage":"es-ES","potentialAction":[{"@type":"ReadAction","target":["https:\/\/legacy.colt.net\/es\/about\/leadership\/gary-carr\/"]}]},{"@type":"ImageObject","inLanguage":"es-ES","@id":"https:\/\/legacy.colt.net\/es\/about\/leadership\/gary-carr\/#primaryimage","url":"https:\/\/legacy.colt.net\/wp-content\/uploads\/2019\/08\/Gary-Carr.png","contentUrl":"https:\/\/legacy.colt.net\/wp-content\/uploads\/2019\/08\/Gary-Carr.png"},{"@type":"BreadcrumbList","@id":"https:\/\/legacy.colt.net\/es\/about\/leadership\/gary-carr\/#breadcrumb","itemListElement":[{"@type":"ListItem","position":1,"name":"Home","item":"https:\/\/legacy.colt.net\/es\/"},{"@type":"ListItem","position":2,"name":"Acerca de Colt","item":"https:\/\/legacy.colt.net\/es\/about\/"},{"@type":"ListItem","position":3,"name":"Liderazgo","item":"https:\/\/legacy.colt.net\/es\/about\/leadership\/"},{"@type":"ListItem","position":4,"name":"Gary Carr"}]},{"@type":"WebSite","@id":"https:\/\/legacy.colt.net\/#website","url":"https:\/\/legacy.colt.net\/","name":"Colt\u30c6\u30af\u30ce\u30ed\u30b8\u30fc\u30b5\u30fc\u30d3\u30b9\u682a\u5f0f\u4f1a\u793e","description":"Managed Network &amp; Voice Services Provider","publisher":{"@id":"https:\/\/legacy.colt.net\/#organization"},"potentialAction":[{"@type":"SearchAction","target":{"@type":"EntryPoint","urlTemplate":"https:\/\/legacy.colt.net\/?s={search_term_string}"},"query-input":{"@type":"PropertyValueSpecification","valueRequired":true,"valueName":"search_term_string"}}],"inLanguage":"es-ES"},{"@type":"Organization","@id":"https:\/\/legacy.colt.net\/#organization","name":"Colt Technology Services","url":"https:\/\/legacy.colt.net\/","logo":{"@type":"ImageObject","inLanguage":"es-ES","@id":"https:\/\/legacy.colt.net\/#\/schema\/logo\/image\/","url":"https:\/\/legacy.colt.net\/wp-content\/uploads\/2019\/02\/Colt-Logo.png","contentUrl":"https:\/\/legacy.colt.net\/wp-content\/uploads\/2019\/02\/Colt-Logo.png","width":195,"height":77,"caption":"Colt Technology Services"},"image":{"@id":"https:\/\/legacy.colt.net\/#\/schema\/logo\/image\/"},"sameAs":["https:\/\/www.facebook.com\/ColtTechnologyServices\/","https:\/\/x.com\/colt_technology","https:\/\/www.instagram.com\/colttechnologyservices\/","https:\/\/www.linkedin.com\/company\/colt-technology-services","https:\/\/www.youtube.com\/user\/ColtTechnology"]}]}},"_links":{"self":[{"href":"https:\/\/legacy.colt.net\/es\/wp-json\/wp\/v2\/pages\/34917","targetHints":{"allow":["GET"]}}],"collection":[{"href":"https:\/\/legacy.colt.net\/es\/wp-json\/wp\/v2\/pages"}],"about":[{"href":"https:\/\/legacy.colt.net\/es\/wp-json\/wp\/v2\/types\/page"}],"author":[{"embeddable":true,"href":"https:\/\/legacy.colt.net\/es\/wp-json\/wp\/v2\/users\/2"}],"replies":[{"embeddable":true,"href":"https:\/\/legacy.colt.net\/es\/wp-json\/wp\/v2\/comments?post=34917"}],"version-history":[{"count":0,"href":"https:\/\/legacy.colt.net\/es\/wp-json\/wp\/v2\/pages\/34917\/revisions"}],"up":[{"embeddable":true,"href":"https:\/\/legacy.colt.net\/es\/wp-json\/wp\/v2\/pages\/34472"}],"wp:featuredmedia":[{"embeddable":true,"href":"https:\/\/legacy.colt.net\/es\/wp-json\/wp\/v2\/media\/61116"}],"wp:attachment":[{"href":"https:\/\/legacy.colt.net\/es\/wp-json\/wp\/v2\/media?parent=34917"}],"wp:term":[{"taxonomy":"colt_type","embeddable":true,"href":"https:\/\/legacy.colt.net\/es\/wp-json\/wp\/v2\/colt_type?post=34917"},{"taxonomy":"colt_products","embeddable":true,"href":"https:\/\/legacy.colt.net\/es\/wp-json\/wp\/v2\/colt_products?post=34917"}],"curies":[{"name":"wp","href":"https:\/\/api.w.org\/{rel}","templated":true}]}}

<h1>
	</h1>
	<nav class="breadcrumb"><span><span><a href="https://legacy.colt.net/es/">Home</a></span></span></nav>
	<p>Gary Carr fue nombrado Director Financiero Interino (CFO) de Colt en julio de 2019.</p>
<p>Anteriormente el controlador financiero del Grupo Colt y subdirector financiero, Gary trae consigo a su elevado cargo más de 23 años de experiencia de liderazgo en los sectores de telecomunicaciones, Ti y servicios financieros.</p>
<p>Durante su trayectoria en Colt, Gary ha sido responsable de varias operaciones financieras, incluyendo: presupuestos, planificación e informes, gastos de capital, impuestos y tesorería, bienes raíces, instalaciones y ha liderado el Centro de Servicios Financieros compartidos en India.</p>
<p>En su nuevo puesto, se hará cargo del período de transformación financiera para Colt, asegurando que todas las funciones en toda la organización trabajen juntas para el beneficio general del negocio.</p>
<p>Antes de unirse a Colt, Gary ocupó varios cargos en BT Global Services, siendo el más joven Vicepresidente de Control Financiero. También ocupó varios roles de liderazgo en Siemens, su último cargo fue el de Director de Finanzas y Director Gerente Interino.</p>
<p>Gary trabaja desde la sede de Colt en Londres, Colt House.</p>
				<img loading="lazy" decoding="async" src="https://legacy.colt.net/wp-content/uploads/2019/11/Photo-of-Gary_Carr.jpg" alt="Photo of Gary_Carr" itemprop="image" height="800" width="800" title="Photo of Gary_Carr" onerror="this.style.display='none'"  />
<h3>
		Gary Carr
	</h3>
<h4>
		Directores Financiero
	</h4>

<!-- This site is optimized with the Yoast SEO plugin v26.8 - https://yoast.com/product/yoast-seo-wordpress/ -->
<title>Gary Carr - Colt Technology Services</title>
<meta name="description" content="Gary Carr fue nombrado Director Financiero Interino (CFO) de Colt en julio de 2019.Anteriormente el controlador financiero del Grupo Colt y subdirector" />
<meta name="robots" content="noindex, follow, max-snippet:-1, max-image-preview:large, max-video-preview:-1" />
<meta property="og:locale" content="es_ES" />
<meta property="og:type" content="article" />
<meta property="og:title" content="Gary Carr - Colt Technology Services" />
<meta property="og:description" content="Gary Carr fue nombrado Director Financiero Interino (CFO) de Colt en julio de 2019.Anteriormente el controlador financiero del Grupo Colt y subdirector" />
<meta property="og:url" content="https://legacy.colt.net/es/about/leadership/gary-carr/" />
<meta property="og:site_name" content="Colt Technology Services" />
<meta property="article:publisher" content="https://www.facebook.com/ColtTechnologyServices/" />
<meta property="article:modified_time" content="2020-10-19T12:03:09+00:00" />
<meta property="og:image" content="https://legacy.colt.net/wp-content/uploads/2019/08/Gary-Carr.png" />
	<meta property="og:image:width" content="1" />
	<meta property="og:image:height" content="1" />
	<meta property="og:image:type" content="image/png" />
<meta name="twitter:card" content="summary_large_image" />
<meta name="twitter:image" content="https://legacy.colt.net/wp-content/uploads/2019/08/Gary-Carr.png" />
<meta name="twitter:site" content="@colt_technology" />
<meta name="twitter:label1" content="Est. reading time" />
	<meta name="twitter:data1" content="1 minute" />
<script type="application/ld+json" class="yoast-schema-graph">{"@context":"https://schema.org","@graph":[{"@type":"WebPage","@id":"https://legacy.colt.net/es/about/leadership/gary-carr/","url":"https://legacy.colt.net/es/about/leadership/gary-carr/","name":"Gary Carr - Colt Technology Services","isPartOf":{"@id":"https://legacy.colt.net/#website"},"primaryImageOfPage":{"@id":"https://legacy.colt.net/es/about/leadership/gary-carr/#primaryimage"},"image":{"@id":"https://legacy.colt.net/es/about/leadership/gary-carr/#primaryimage"},"thumbnailUrl":"https://legacy.colt.net/wp-content/uploads/2019/08/Gary-Carr.png","datePublished":"2017-04-07T09:11:05+00:00","dateModified":"2020-10-19T12:03:09+00:00","description":"Gary Carr fue nombrado Director Financiero Interino (CFO) de Colt en julio de 2019.Anteriormente el controlador financiero del Grupo Colt y subdirector","breadcrumb":{"@id":"https://legacy.colt.net/es/about/leadership/gary-carr/#breadcrumb"},"inLanguage":"es-ES","potentialAction":[{"@type":"ReadAction","target":["https://legacy.colt.net/es/about/leadership/gary-carr/"]}]},{"@type":"ImageObject","inLanguage":"es-ES","@id":"https://legacy.colt.net/es/about/leadership/gary-carr/#primaryimage","url":"https://legacy.colt.net/wp-content/uploads/2019/08/Gary-Carr.png","contentUrl":"https://legacy.colt.net/wp-content/uploads/2019/08/Gary-Carr.png"},{"@type":"BreadcrumbList","@id":"https://legacy.colt.net/es/about/leadership/gary-carr/#breadcrumb","itemListElement":[{"@type":"ListItem","position":1,"name":"Home","item":"https://legacy.colt.net/es/"},{"@type":"ListItem","position":2,"name":"Acerca de Colt","item":"https://legacy.colt.net/es/about/"},{"@type":"ListItem","position":3,"name":"Liderazgo","item":"https://legacy.colt.net/es/about/leadership/"},{"@type":"ListItem","position":4,"name":"Gary Carr"}]},{"@type":"WebSite","@id":"https://legacy.colt.net/#website","url":"https://legacy.colt.net/","name":"Coltテクノロジーサービス株式会社","description":"Managed Network &amp; Voice Services Provider","publisher":{"@id":"https://legacy.colt.net/#organization"},"potentialAction":[{"@type":"SearchAction","target":{"@type":"EntryPoint","urlTemplate":"https://legacy.colt.net/?s={search_term_string}"},"query-input":{"@type":"PropertyValueSpecification","valueRequired":true,"valueName":"search_term_string"}}],"inLanguage":"es-ES"},{"@type":"Organization","@id":"https://legacy.colt.net/#organization","name":"Colt Technology Services","url":"https://legacy.colt.net/","logo":{"@type":"ImageObject","inLanguage":"es-ES","@id":"https://legacy.colt.net/#/schema/logo/image/","url":"https://legacy.colt.net/wp-content/uploads/2019/02/Colt-Logo.png","contentUrl":"https://legacy.colt.net/wp-content/uploads/2019/02/Colt-Logo.png","width":195,"height":77,"caption":"Colt Technology Services"},"image":{"@id":"https://legacy.colt.net/#/schema/logo/image/"},"sameAs":["https://www.facebook.com/ColtTechnologyServices/","https://x.com/colt_technology","https://www.instagram.com/colttechnologyservices/","https://www.linkedin.com/company/colt-technology-services","https://www.youtube.com/user/ColtTechnology"]}]}</script>
<!-- / Yoast SEO plugin. -->

Coltテクノロジーサービス株式会社
