{"id":58819,"date":"2019-07-01T08:54:52","date_gmt":"2019-07-01T07:54:52","guid":{"rendered":"https:\/\/www.colt.net\/leadership\/grant-speirs\/"},"modified":"2019-12-03T13:31:31","modified_gmt":"2019-12-03T13:31:31","slug":"grant-speirs","status":"publish","type":"page","link":"https:\/\/legacy.colt.net\/de\/about\/leadership\/grant-speirs\/","title":{"rendered":"Grant Speirs"},"content":{"rendered":"<h1>\n\t<\/h1>\n<h3>\n\t<\/h3>\n\t<nav class=\"breadcrumb\"><span><span><a href=\"https:\/\/legacy.colt.net\/de\/\">Home<\/a><\/span><\/span><\/nav>\n\t<p>Grant Speirs wurde am 30. Juni 2019 in den Verwaltungsrat und das Audit Committee von Colt berufen. Er ist seit M\u00e4rz 2019 Chief Financial Officer der FIL, nachdem er von 2008 an als CFO bei M&amp;G Investment t\u00e4tig war. Zuvor verantwortete er \u00fcber neun Jahre als Finanzdirektor von Prudential Portfolio Managers in S\u00fcdafrika die Bereiche Operations, Aufsicht und Technologie.<\/p>\n\t\t\t\t<img decoding=\"async\" src=\"https:\/\/legacy.colt.net\/wp-content\/uploads\/2019\/06\/Grant-Spiers.png\" alt=\"Grant Spiers\" itemprop=\"image\" title=\"Grant Spiers\" onerror=\"this.style.display='none'\"  \/>\n","protected":false},"excerpt":{"rendered":"<p>Grant Speirs wurde am 30. Juni 2019 in den Verwaltungsrat und das Audit Committee von Colt berufen. Er ist seit M\u00e4rz 2019 Chief Financial Officer der FIL, nachdem er von 2008 an als CFO bei M&amp;G Investment t\u00e4tig war. Zuvor verantwortete er \u00fcber neun Jahre als Finanzdirektor von Prudential Portfolio Managers in S\u00fcdafrika die Bereiche&#8230;<\/p>\n","protected":false},"author":2,"featured_media":0,"parent":35346,"menu_order":0,"comment_status":"closed","ping_status":"closed","template":"","meta":{"_acf_changed":false,"footnotes":""},"colt_type":[],"colt_products":[],"class_list":["post-58819","page","type-page","status-publish","hentry"],"acf":[],"yoast_head":"<!-- This site is optimized with the Yoast SEO plugin v26.8 - https:\/\/yoast.com\/product\/yoast-seo-wordpress\/ -->\n<title>Grant Speirs - Colt Technology Services<\/title>\n<meta name=\"description\" content=\"Grant Speirs wurde am 30. Juni 2019 in den Verwaltungsrat und das Audit Committee von Colt berufen. Er ist seit M\u00e4rz 2019 Chief Financial Officer der FI\" \/>\n<meta name=\"robots\" content=\"noindex, follow, max-snippet:-1, max-image-preview:large, max-video-preview:-1\" \/>\n<meta property=\"og:locale\" content=\"de_DE\" \/>\n<meta property=\"og:type\" content=\"article\" \/>\n<meta property=\"og:title\" content=\"Grant Speirs - Colt Technology Services\" \/>\n<meta property=\"og:description\" content=\"Grant Speirs wurde am 30. Juni 2019 in den Verwaltungsrat und das Audit Committee von Colt berufen. Er ist seit M\u00e4rz 2019 Chief Financial Officer der FI\" \/>\n<meta property=\"og:url\" content=\"https:\/\/legacy.colt.net\/de\/about\/leadership\/grant-speirs\/\" \/>\n<meta property=\"og:site_name\" content=\"Colt Technology Services\" \/>\n<meta property=\"article:publisher\" content=\"https:\/\/www.facebook.com\/ColtTechnologyServices\/\" \/>\n<meta property=\"article:modified_time\" content=\"2019-12-03T13:31:31+00:00\" \/>\n<meta property=\"og:image\" content=\"https:\/\/legacy.colt.net\/wp-content\/uploads\/2021\/01\/Brand-2021-Stock-24.jpg\" \/>\n\t<meta property=\"og:image:width\" content=\"1000\" \/>\n\t<meta property=\"og:image:height\" content=\"574\" \/>\n\t<meta property=\"og:image:type\" content=\"image\/jpeg\" \/>\n<meta name=\"twitter:card\" content=\"summary_large_image\" \/>\n<meta name=\"twitter:site\" content=\"@colt_technology\" \/>\n<script type=\"application\/ld+json\" class=\"yoast-schema-graph\">{\"@context\":\"https:\/\/schema.org\",\"@graph\":[{\"@type\":\"WebPage\",\"@id\":\"https:\/\/legacy.colt.net\/de\/about\/leadership\/grant-speirs\/\",\"url\":\"https:\/\/legacy.colt.net\/de\/about\/leadership\/grant-speirs\/\",\"name\":\"Grant Speirs - Colt Technology Services\",\"isPartOf\":{\"@id\":\"https:\/\/legacy.colt.net\/#website\"},\"primaryImageOfPage\":{\"@id\":\"https:\/\/legacy.colt.net\/de\/about\/leadership\/grant-speirs\/#primaryimage\"},\"image\":{\"@id\":\"https:\/\/legacy.colt.net\/de\/about\/leadership\/grant-speirs\/#primaryimage\"},\"thumbnailUrl\":\"https:\/\/legacy.colt.net\/wp-content\/uploads\/2019\/06\/Grant-Spiers.png\",\"datePublished\":\"2019-07-01T07:54:52+00:00\",\"dateModified\":\"2019-12-03T13:31:31+00:00\",\"description\":\"Grant Speirs wurde am 30. Juni 2019 in den Verwaltungsrat und das Audit Committee von Colt berufen. Er ist seit M\u00e4rz 2019 Chief Financial Officer der FI\",\"breadcrumb\":{\"@id\":\"https:\/\/legacy.colt.net\/de\/about\/leadership\/grant-speirs\/#breadcrumb\"},\"inLanguage\":\"de-DE\",\"potentialAction\":[{\"@type\":\"ReadAction\",\"target\":[\"https:\/\/legacy.colt.net\/de\/about\/leadership\/grant-speirs\/\"]}]},{\"@type\":\"ImageObject\",\"inLanguage\":\"de-DE\",\"@id\":\"https:\/\/legacy.colt.net\/de\/about\/leadership\/grant-speirs\/#primaryimage\",\"url\":\"https:\/\/legacy.colt.net\/wp-content\/uploads\/2019\/06\/Grant-Spiers.png\",\"contentUrl\":\"https:\/\/legacy.colt.net\/wp-content\/uploads\/2019\/06\/Grant-Spiers.png\"},{\"@type\":\"BreadcrumbList\",\"@id\":\"https:\/\/legacy.colt.net\/de\/about\/leadership\/grant-speirs\/#breadcrumb\",\"itemListElement\":[{\"@type\":\"ListItem\",\"position\":1,\"name\":\"Home\",\"item\":\"https:\/\/legacy.colt.net\/de\/\"},{\"@type\":\"ListItem\",\"position\":2,\"name\":\"\u00dcber Colt\",\"item\":\"https:\/\/legacy.colt.net\/de\/about\/\"},{\"@type\":\"ListItem\",\"position\":3,\"name\":\"Leadership\",\"item\":\"https:\/\/legacy.colt.net\/de\/about\/leadership\/\"},{\"@type\":\"ListItem\",\"position\":4,\"name\":\"Grant Speirs\"}]},{\"@type\":\"WebSite\",\"@id\":\"https:\/\/legacy.colt.net\/#website\",\"url\":\"https:\/\/legacy.colt.net\/\",\"name\":\"Colt\u30c6\u30af\u30ce\u30ed\u30b8\u30fc\u30b5\u30fc\u30d3\u30b9\u682a\u5f0f\u4f1a\u793e\",\"description\":\"Managed Network &amp; Voice Services Provider\",\"publisher\":{\"@id\":\"https:\/\/legacy.colt.net\/#organization\"},\"potentialAction\":[{\"@type\":\"SearchAction\",\"target\":{\"@type\":\"EntryPoint\",\"urlTemplate\":\"https:\/\/legacy.colt.net\/?s={search_term_string}\"},\"query-input\":{\"@type\":\"PropertyValueSpecification\",\"valueRequired\":true,\"valueName\":\"search_term_string\"}}],\"inLanguage\":\"de-DE\"},{\"@type\":\"Organization\",\"@id\":\"https:\/\/legacy.colt.net\/#organization\",\"name\":\"Colt Technology Services\",\"url\":\"https:\/\/legacy.colt.net\/\",\"logo\":{\"@type\":\"ImageObject\",\"inLanguage\":\"de-DE\",\"@id\":\"https:\/\/legacy.colt.net\/#\/schema\/logo\/image\/\",\"url\":\"https:\/\/legacy.colt.net\/wp-content\/uploads\/2019\/02\/Colt-Logo.png\",\"contentUrl\":\"https:\/\/legacy.colt.net\/wp-content\/uploads\/2019\/02\/Colt-Logo.png\",\"width\":195,\"height\":77,\"caption\":\"Colt Technology Services\"},\"image\":{\"@id\":\"https:\/\/legacy.colt.net\/#\/schema\/logo\/image\/\"},\"sameAs\":[\"https:\/\/www.facebook.com\/ColtTechnologyServices\/\",\"https:\/\/x.com\/colt_technology\",\"https:\/\/www.instagram.com\/colttechnologyservices\/\",\"https:\/\/www.linkedin.com\/company\/colt-technology-services\",\"https:\/\/www.youtube.com\/user\/ColtTechnology\"]}]}<\/script>\n<!-- \/ Yoast SEO plugin. -->","yoast_head_json":{"title":"Grant Speirs - Colt Technology Services","description":"Grant Speirs wurde am 30. Juni 2019 in den Verwaltungsrat und das Audit Committee von Colt berufen. Er ist seit M\u00e4rz 2019 Chief Financial Officer der FI","robots":{"index":"noindex","follow":"follow","max-snippet":"max-snippet:-1","max-image-preview":"max-image-preview:large","max-video-preview":"max-video-preview:-1"},"og_locale":"de_DE","og_type":"article","og_title":"Grant Speirs - Colt Technology Services","og_description":"Grant Speirs wurde am 30. Juni 2019 in den Verwaltungsrat und das Audit Committee von Colt berufen. Er ist seit M\u00e4rz 2019 Chief Financial Officer der FI","og_url":"https:\/\/legacy.colt.net\/de\/about\/leadership\/grant-speirs\/","og_site_name":"Colt Technology Services","article_publisher":"https:\/\/www.facebook.com\/ColtTechnologyServices\/","article_modified_time":"2019-12-03T13:31:31+00:00","og_image":[{"width":1000,"height":574,"url":"https:\/\/legacy.colt.net\/wp-content\/uploads\/2021\/01\/Brand-2021-Stock-24.jpg","type":"image\/jpeg"}],"twitter_card":"summary_large_image","twitter_site":"@colt_technology","schema":{"@context":"https:\/\/schema.org","@graph":[{"@type":"WebPage","@id":"https:\/\/legacy.colt.net\/de\/about\/leadership\/grant-speirs\/","url":"https:\/\/legacy.colt.net\/de\/about\/leadership\/grant-speirs\/","name":"Grant Speirs - Colt Technology Services","isPartOf":{"@id":"https:\/\/legacy.colt.net\/#website"},"primaryImageOfPage":{"@id":"https:\/\/legacy.colt.net\/de\/about\/leadership\/grant-speirs\/#primaryimage"},"image":{"@id":"https:\/\/legacy.colt.net\/de\/about\/leadership\/grant-speirs\/#primaryimage"},"thumbnailUrl":"https:\/\/legacy.colt.net\/wp-content\/uploads\/2019\/06\/Grant-Spiers.png","datePublished":"2019-07-01T07:54:52+00:00","dateModified":"2019-12-03T13:31:31+00:00","description":"Grant Speirs wurde am 30. Juni 2019 in den Verwaltungsrat und das Audit Committee von Colt berufen. Er ist seit M\u00e4rz 2019 Chief Financial Officer der FI","breadcrumb":{"@id":"https:\/\/legacy.colt.net\/de\/about\/leadership\/grant-speirs\/#breadcrumb"},"inLanguage":"de-DE","potentialAction":[{"@type":"ReadAction","target":["https:\/\/legacy.colt.net\/de\/about\/leadership\/grant-speirs\/"]}]},{"@type":"ImageObject","inLanguage":"de-DE","@id":"https:\/\/legacy.colt.net\/de\/about\/leadership\/grant-speirs\/#primaryimage","url":"https:\/\/legacy.colt.net\/wp-content\/uploads\/2019\/06\/Grant-Spiers.png","contentUrl":"https:\/\/legacy.colt.net\/wp-content\/uploads\/2019\/06\/Grant-Spiers.png"},{"@type":"BreadcrumbList","@id":"https:\/\/legacy.colt.net\/de\/about\/leadership\/grant-speirs\/#breadcrumb","itemListElement":[{"@type":"ListItem","position":1,"name":"Home","item":"https:\/\/legacy.colt.net\/de\/"},{"@type":"ListItem","position":2,"name":"\u00dcber Colt","item":"https:\/\/legacy.colt.net\/de\/about\/"},{"@type":"ListItem","position":3,"name":"Leadership","item":"https:\/\/legacy.colt.net\/de\/about\/leadership\/"},{"@type":"ListItem","position":4,"name":"Grant Speirs"}]},{"@type":"WebSite","@id":"https:\/\/legacy.colt.net\/#website","url":"https:\/\/legacy.colt.net\/","name":"Colt\u30c6\u30af\u30ce\u30ed\u30b8\u30fc\u30b5\u30fc\u30d3\u30b9\u682a\u5f0f\u4f1a\u793e","description":"Managed Network &amp; Voice Services Provider","publisher":{"@id":"https:\/\/legacy.colt.net\/#organization"},"potentialAction":[{"@type":"SearchAction","target":{"@type":"EntryPoint","urlTemplate":"https:\/\/legacy.colt.net\/?s={search_term_string}"},"query-input":{"@type":"PropertyValueSpecification","valueRequired":true,"valueName":"search_term_string"}}],"inLanguage":"de-DE"},{"@type":"Organization","@id":"https:\/\/legacy.colt.net\/#organization","name":"Colt Technology Services","url":"https:\/\/legacy.colt.net\/","logo":{"@type":"ImageObject","inLanguage":"de-DE","@id":"https:\/\/legacy.colt.net\/#\/schema\/logo\/image\/","url":"https:\/\/legacy.colt.net\/wp-content\/uploads\/2019\/02\/Colt-Logo.png","contentUrl":"https:\/\/legacy.colt.net\/wp-content\/uploads\/2019\/02\/Colt-Logo.png","width":195,"height":77,"caption":"Colt Technology Services"},"image":{"@id":"https:\/\/legacy.colt.net\/#\/schema\/logo\/image\/"},"sameAs":["https:\/\/www.facebook.com\/ColtTechnologyServices\/","https:\/\/x.com\/colt_technology","https:\/\/www.instagram.com\/colttechnologyservices\/","https:\/\/www.linkedin.com\/company\/colt-technology-services","https:\/\/www.youtube.com\/user\/ColtTechnology"]}]}},"_links":{"self":[{"href":"https:\/\/legacy.colt.net\/de\/wp-json\/wp\/v2\/pages\/58819","targetHints":{"allow":["GET"]}}],"collection":[{"href":"https:\/\/legacy.colt.net\/de\/wp-json\/wp\/v2\/pages"}],"about":[{"href":"https:\/\/legacy.colt.net\/de\/wp-json\/wp\/v2\/types\/page"}],"author":[{"embeddable":true,"href":"https:\/\/legacy.colt.net\/de\/wp-json\/wp\/v2\/users\/2"}],"replies":[{"embeddable":true,"href":"https:\/\/legacy.colt.net\/de\/wp-json\/wp\/v2\/comments?post=58819"}],"version-history":[{"count":0,"href":"https:\/\/legacy.colt.net\/de\/wp-json\/wp\/v2\/pages\/58819\/revisions"}],"up":[{"embeddable":true,"href":"https:\/\/legacy.colt.net\/de\/wp-json\/wp\/v2\/pages\/35346"}],"wp:attachment":[{"href":"https:\/\/legacy.colt.net\/de\/wp-json\/wp\/v2\/media?parent=58819"}],"wp:term":[{"taxonomy":"colt_type","embeddable":true,"href":"https:\/\/legacy.colt.net\/de\/wp-json\/wp\/v2\/colt_type?post=58819"},{"taxonomy":"colt_products","embeddable":true,"href":"https:\/\/legacy.colt.net\/de\/wp-json\/wp\/v2\/colt_products?post=58819"}],"curies":[{"name":"wp","href":"https:\/\/api.w.org\/{rel}","templated":true}]}}

<h1>
	</h1>
<h3>
	</h3>
	<nav class="breadcrumb"><span><span><a href="https://legacy.colt.net/de/">Home</a></span></span></nav>
	<p>Grant Speirs wurde am 30. Juni 2019 in den Verwaltungsrat und das Audit Committee von Colt berufen. Er ist seit März 2019 Chief Financial Officer der FIL, nachdem er von 2008 an als CFO bei M&amp;G Investment tätig war. Zuvor verantwortete er über neun Jahre als Finanzdirektor von Prudential Portfolio Managers in Südafrika die Bereiche Operations, Aufsicht und Technologie.</p>
				<img decoding="async" src="https://legacy.colt.net/wp-content/uploads/2019/06/Grant-Spiers.png" alt="Grant Spiers" itemprop="image" title="Grant Spiers" onerror="this.style.display='none'"  />

<p>Grant Speirs wurde am 30. Juni 2019 in den Verwaltungsrat und das Audit Committee von Colt berufen. Er ist seit März 2019 Chief Financial Officer der FIL, nachdem er von 2008 an als CFO bei M&amp;G Investment tätig war. Zuvor verantwortete er über neun Jahre als Finanzdirektor von Prudential Portfolio Managers in Südafrika die Bereiche&#8230;</p>

<!-- This site is optimized with the Yoast SEO plugin v26.8 - https://yoast.com/product/yoast-seo-wordpress/ -->
<title>Grant Speirs - Colt Technology Services</title>
<meta name="description" content="Grant Speirs wurde am 30. Juni 2019 in den Verwaltungsrat und das Audit Committee von Colt berufen. Er ist seit März 2019 Chief Financial Officer der FI" />
<meta name="robots" content="noindex, follow, max-snippet:-1, max-image-preview:large, max-video-preview:-1" />
<meta property="og:locale" content="de_DE" />
<meta property="og:type" content="article" />
<meta property="og:title" content="Grant Speirs - Colt Technology Services" />
<meta property="og:description" content="Grant Speirs wurde am 30. Juni 2019 in den Verwaltungsrat und das Audit Committee von Colt berufen. Er ist seit März 2019 Chief Financial Officer der FI" />
<meta property="og:url" content="https://legacy.colt.net/de/about/leadership/grant-speirs/" />
<meta property="og:site_name" content="Colt Technology Services" />
<meta property="article:publisher" content="https://www.facebook.com/ColtTechnologyServices/" />
<meta property="article:modified_time" content="2019-12-03T13:31:31+00:00" />
<meta property="og:image" content="https://legacy.colt.net/wp-content/uploads/2021/01/Brand-2021-Stock-24.jpg" />
	<meta property="og:image:width" content="1000" />
	<meta property="og:image:height" content="574" />
	<meta property="og:image:type" content="image/jpeg" />
<meta name="twitter:card" content="summary_large_image" />
<meta name="twitter:site" content="@colt_technology" />
<script type="application/ld+json" class="yoast-schema-graph">{"@context":"https://schema.org","@graph":[{"@type":"WebPage","@id":"https://legacy.colt.net/de/about/leadership/grant-speirs/","url":"https://legacy.colt.net/de/about/leadership/grant-speirs/","name":"Grant Speirs - Colt Technology Services","isPartOf":{"@id":"https://legacy.colt.net/#website"},"primaryImageOfPage":{"@id":"https://legacy.colt.net/de/about/leadership/grant-speirs/#primaryimage"},"image":{"@id":"https://legacy.colt.net/de/about/leadership/grant-speirs/#primaryimage"},"thumbnailUrl":"https://legacy.colt.net/wp-content/uploads/2019/06/Grant-Spiers.png","datePublished":"2019-07-01T07:54:52+00:00","dateModified":"2019-12-03T13:31:31+00:00","description":"Grant Speirs wurde am 30. Juni 2019 in den Verwaltungsrat und das Audit Committee von Colt berufen. Er ist seit März 2019 Chief Financial Officer der FI","breadcrumb":{"@id":"https://legacy.colt.net/de/about/leadership/grant-speirs/#breadcrumb"},"inLanguage":"de-DE","potentialAction":[{"@type":"ReadAction","target":["https://legacy.colt.net/de/about/leadership/grant-speirs/"]}]},{"@type":"ImageObject","inLanguage":"de-DE","@id":"https://legacy.colt.net/de/about/leadership/grant-speirs/#primaryimage","url":"https://legacy.colt.net/wp-content/uploads/2019/06/Grant-Spiers.png","contentUrl":"https://legacy.colt.net/wp-content/uploads/2019/06/Grant-Spiers.png"},{"@type":"BreadcrumbList","@id":"https://legacy.colt.net/de/about/leadership/grant-speirs/#breadcrumb","itemListElement":[{"@type":"ListItem","position":1,"name":"Home","item":"https://legacy.colt.net/de/"},{"@type":"ListItem","position":2,"name":"Über Colt","item":"https://legacy.colt.net/de/about/"},{"@type":"ListItem","position":3,"name":"Leadership","item":"https://legacy.colt.net/de/about/leadership/"},{"@type":"ListItem","position":4,"name":"Grant Speirs"}]},{"@type":"WebSite","@id":"https://legacy.colt.net/#website","url":"https://legacy.colt.net/","name":"Coltテクノロジーサービス株式会社","description":"Managed Network &amp; Voice Services Provider","publisher":{"@id":"https://legacy.colt.net/#organization"},"potentialAction":[{"@type":"SearchAction","target":{"@type":"EntryPoint","urlTemplate":"https://legacy.colt.net/?s={search_term_string}"},"query-input":{"@type":"PropertyValueSpecification","valueRequired":true,"valueName":"search_term_string"}}],"inLanguage":"de-DE"},{"@type":"Organization","@id":"https://legacy.colt.net/#organization","name":"Colt Technology Services","url":"https://legacy.colt.net/","logo":{"@type":"ImageObject","inLanguage":"de-DE","@id":"https://legacy.colt.net/#/schema/logo/image/","url":"https://legacy.colt.net/wp-content/uploads/2019/02/Colt-Logo.png","contentUrl":"https://legacy.colt.net/wp-content/uploads/2019/02/Colt-Logo.png","width":195,"height":77,"caption":"Colt Technology Services"},"image":{"@id":"https://legacy.colt.net/#/schema/logo/image/"},"sameAs":["https://www.facebook.com/ColtTechnologyServices/","https://x.com/colt_technology","https://www.instagram.com/colttechnologyservices/","https://www.linkedin.com/company/colt-technology-services","https://www.youtube.com/user/ColtTechnology"]}]}</script>
<!-- / Yoast SEO plugin. -->

Grant Speirs wurde am 30. Juni 2019 in den Verwaltungsrat und das Audit Committee von Colt berufen. Er ist seit März 2019 Chief Financial Officer der FI

Über Colt

Coltテクノロジーサービス株式会社
